{"id":61,"date":"2014-04-25T16:51:18","date_gmt":"2014-04-25T15:51:18","guid":{"rendered":"http:\/\/carburant-modelisme.com\/?page_id=61"},"modified":"2022-05-15T10:07:09","modified_gmt":"2022-05-15T09:07:09","slug":"m-plane-15","status":"publish","type":"page","link":"https:\/\/carburant-modelisme.com\/?page_id=61","title":{"rendered":"M Plane 15"},"content":{"rendered":"<h2><a title=\"Lien permanent vers RV (Rodage Voiture) \u00ab\u00a0Dangereux-Respecter les pr\u00e9cautions d\u2019emploi\u00a0\u00bb\" href=\"http:\/\/www.carburant-modelisme.com\/nos-produits\/carburant-voiture\/rv-rodage-voiture\/\" rel=\"bookmark\">\u00ab\u00a0Dangereux-Respecter les pr\u00e9cautions d\u2019emploi\u00a0\u00bb<\/a><\/h2>\n<p style=\"text-align: center;\"><a href=\"http:\/\/carburant-modelisme.com\/wp-content\/uploads\/2022\/05\/M-Plane-r\u00e9duit.jpg\"><img loading=\"lazy\" decoding=\"async\" class=\"alignnone size-medium wp-image-1838\" src=\"http:\/\/carburant-modelisme.com\/wp-content\/uploads\/2022\/05\/M-Plane-r\u00e9duit-203x300.jpg\" alt=\"\" width=\"203\" height=\"300\" srcset=\"https:\/\/carburant-modelisme.com\/wp-content\/uploads\/2022\/05\/M-Plane-r\u00e9duit-203x300.jpg 203w, https:\/\/carburant-modelisme.com\/wp-content\/uploads\/2022\/05\/M-Plane-r\u00e9duit.jpg 400w\" sizes=\"auto, (max-width: 203px) 100vw, 203px\" \/><\/a><\/p>\n<p><strong>Usages :<\/strong> Ce carburant 100% synth\u00e8se a \u00e9t\u00e9 mis au point pour l&rsquo;usage sp\u00e9cifique des moteurs 2 temps de grosse cylindr\u00e9e, il contient 10% de Nitromethane.<br \/>\nC\u2019est un carburant 100% synthese, avec un anticorrosion l\u2019Emadox M.<\/p>\n<p><strong>Carasteristiques :<\/strong><br \/>\nCarburant incolore<br \/>\nDensite : 0.88<br \/>\nNitromethane : 10%<br \/>\nHuiles : 17%<\/p>\n<p><strong>Avantages :<\/strong> Une des particularit\u00e9 de ce carburant est de ne laisser aucun d\u00e9p\u00f4t sur les moteurs et la ligne d\u2019\u00e9chappement. Il est extr\u00eamement puissant, tr\u00e8s \u00ab coupleux \u00bb, le ralenti est tr\u00e8s bas .<\/p>\n<p><strong>Conseils :<\/strong> Attention aux r\u00e9glages, nos carburants fument beaucoup, ne pas trop \u00ab serrer \u00bb le pointeau.<br \/>\nPour les p\u00e9riodes de repos, penser \u00e0 injecter de l\u2019<a href=\"http:\/\/carburant-modelisme.com\/?page_id=77\"><strong>After Run LABEMA<\/strong><\/a> par la bougies et\/ou le carburateur, et bien impr\u00e9gner le moteur. Aucune corrosion m\u00eame pour de tr\u00e8s longues immobilisations et re-d\u00e9marrage facile.<\/p>\n","protected":false},"excerpt":{"rendered":"<p>\u00ab\u00a0Dangereux-Respecter les pr\u00e9cautions d\u2019emploi\u00a0\u00bb Usages : Ce carburant 100% synth\u00e8se a \u00e9t\u00e9 mis au point pour l&rsquo;usage sp\u00e9cifique des moteurs 2 temps de grosse cylindr\u00e9e, il contient 10% de Nitromethane. C\u2019est un carburant 100% synthese, avec un anticorrosion l\u2019Emadox M. Carasteristiques : Carburant incolore Densite : 0.88 Nitromethane : 10% Huiles : 17% Avantages : &hellip; <a href=\"https:\/\/carburant-modelisme.com\/?page_id=61\" class=\"more-link\">Continuer la lecture de <span class=\"screen-reader-text\">M Plane 15<\/span> <span class=\"meta-nav\">&rarr;<\/span><\/a><\/p>\n","protected":false},"author":1,"featured_media":0,"parent":49,"menu_order":3,"comment_status":"closed","ping_status":"closed","template":"","meta":{"footnotes":""},"class_list":["post-61","page","type-page","status-publish","hentry"],"_links":{"self":[{"href":"https:\/\/carburant-modelisme.com\/index.php?rest_route=\/wp\/v2\/pages\/61","targetHints":{"allow":["GET"]}}],"collection":[{"href":"https:\/\/carburant-modelisme.com\/index.php?rest_route=\/wp\/v2\/pages"}],"about":[{"href":"https:\/\/carburant-modelisme.com\/index.php?rest_route=\/wp\/v2\/types\/page"}],"author":[{"embeddable":true,"href":"https:\/\/carburant-modelisme.com\/index.php?rest_route=\/wp\/v2\/users\/1"}],"replies":[{"embeddable":true,"href":"https:\/\/carburant-modelisme.com\/index.php?rest_route=%2Fwp%2Fv2%2Fcomments&post=61"}],"version-history":[{"count":4,"href":"https:\/\/carburant-modelisme.com\/index.php?rest_route=\/wp\/v2\/pages\/61\/revisions"}],"predecessor-version":[{"id":1860,"href":"https:\/\/carburant-modelisme.com\/index.php?rest_route=\/wp\/v2\/pages\/61\/revisions\/1860"}],"up":[{"embeddable":true,"href":"https:\/\/carburant-modelisme.com\/index.php?rest_route=\/wp\/v2\/pages\/49"}],"wp:attachment":[{"href":"https:\/\/carburant-modelisme.com\/index.php?rest_route=%2Fwp%2Fv2%2Fmedia&parent=61"}],"curies":[{"name":"wp","href":"https:\/\/api.w.org\/{rel}","templated":true}]}}