{"id":125,"date":"2014-04-25T19:08:12","date_gmt":"2014-04-25T18:08:12","guid":{"rendered":"http:\/\/carburant-modelisme.com\/?page_id=125"},"modified":"2024-03-12T13:31:56","modified_gmt":"2024-03-12T12:31:56","slug":"aquitaine","status":"publish","type":"page","link":"https:\/\/carburant-modelisme.com\/?page_id=125","title":{"rendered":"Aquitaine"},"content":{"rendered":"\n<pre class=\"wp-block-preformatted\"><pre class=\"wp-block-preformatted\"><iframe loading=\"lazy\" src=\"https:\/\/www.google.com\/maps\/d\/embed?mid=1GSjl6xBUyH7CuO23mvp-jckR7oHpctc&amp;ehbc=2E312F\" width=\"640\" height=\"480\"><\/iframe><\/pre><\/pre>\n\n\n<h2><span style=\"color: #ff0000;\">MODELISME MICROMOTEURS SERVICE<\/span><\/h2>\n<p>ZA&nbsp;du Fief Girard Ouest &#8211; rue de Bel Air<\/p>\n<h3>17290 LE THOU<\/h3>\n<p>T\u00e9l : 06 86 52 18 65<\/p>\n<div>Mail : <a href=\"mailto:modelisme.service@free.fr\">modelisme.service@free.fr<\/a><\/div>\n<div>Du Lundi au Samedi 9H\/12H- 14H\/19H<\/div>\n<p>Sur RDV pr\u00e9alable par t\u00e9l\u00e9phone ou mai<\/p>\n<p>&#8230;&#8230;&#8230;&#8230;&#8230;&#8230;&#8230;&#8230;&#8230;&#8230;&#8230;&#8230;&#8230;&#8230;&#8230;&#8230;&#8230;&#8230;&#8230;&#8230;&#8230;&#8230;&#8230;&#8230;&#8230;&#8230;&#8230;&#8230;&#8230;&#8230;&#8230;&#8230;&#8230;&#8230;&#8230;&#8230;&#8230;&#8230;<\/p>\n<h2><span style=\"color: #ff0000;\">FUNNY BIRDS<\/span><\/h2>\n<div>\n<p>33 avenue du capitaine Fernand Taurisson<\/p>\n<h3><span style=\"color: #000000;\">19360 MALEMORT-SUR-CORREZE<\/span><\/h3>\n<p>T\u00e9l : 05 87 49 41 02<\/p>\n<p><a href=\"http:\/\/www.funnybirds.fr\/\" target=\"_blank\" rel=\"noopener noreferrer\">Site internet<\/a><\/p>\n<p>&#8230;&#8230;&#8230;&#8230;&#8230;&#8230;&#8230;&#8230;&#8230;&#8230;&#8230;&#8230;&#8230;&#8230;&#8230;&#8230;&#8230;&#8230;&#8230;&#8230;&#8230;&#8230;&#8230;&#8230;&#8230;&#8230;&#8230;&#8230;&#8230;&#8230;&#8230;&#8230;&#8230;&#8230;&#8230;&#8230;&#8230;&#8230;<\/p>\n<\/div>\n<h2><span style=\"color: #ff0000;\"><strong>AERIAL SHOP<\/strong><\/span><\/h2>\n<p>4B all\u00e9e Eurom\u00e9doc<\/p>\n<h3><span style=\"color: #000000;\">33160 ST AUBIN DE MEDOC<\/span><\/h3>\n<p>T\u00e9l : 05 35 54 59 85<\/p>\n<p><a href=\"https:\/\/www.aerial-shop.com\/fr\/157-carburants\" target=\"_blank\" rel=\"noopener noreferrer\">Site internet<\/a><\/p>\n<p>&#8230;&#8230;&#8230;&#8230;&#8230;&#8230;&#8230;&#8230;&#8230;&#8230;&#8230;&#8230;&#8230;&#8230;&#8230;&#8230;&#8230;&#8230;&#8230;&#8230;&#8230;&#8230;&#8230;&#8230;&#8230;&#8230;&#8230;&#8230;&#8230;&#8230;&#8230;&#8230;&#8230;&#8230;&#8230;&#8230;&#8230;&#8230;<\/p>\n<h2><span style=\"color: #ff0000;\"><strong>RONK AVIATION RESINE<\/strong><\/span><\/h2>\n<p>135 avenue Georges Pompidou<\/p>\n<h3><span style=\"color: #000000;\">33500 LIBOURNE<\/span><\/h3>\n<p>T\u00e9l : 06 62 11 24 12<\/p>\n<p>&#8230;&#8230;&#8230;&#8230;&#8230;&#8230;&#8230;&#8230;&#8230;&#8230;&#8230;&#8230;&#8230;&#8230;&#8230;&#8230;&#8230;&#8230;&#8230;&#8230;&#8230;&#8230;&#8230;&#8230;&#8230;&#8230;&#8230;&#8230;&#8230;&#8230;&#8230;&#8230;&#8230;&#8230;&#8230;&#8230;&#8230;&#8230;<\/p>\n<h2><span style=\"color: #ff0000;\"><strong>TB3M<\/strong><\/span><\/h2>\n<p>9 rue de l&rsquo;Abbaye<\/p>\n<h3><span style=\"color: #000000;\">40200 MIMIZAN.<\/span><\/h3>\n<p>T\u00e9l : 05 58 04 12 04<\/p>\n<p><a title=\"www.tbmodelisme.fr\/\" href=\"https:\/\/www.tb3m.com\/PBSearch.asp?ActionID=1&amp;CCode=2&amp;ShowSMImg=1&amp;SearchText=labema\" target=\"_blank\" rel=\"noopener noreferrer\">Site internet<\/a><\/p>\n<p>&#8230;&#8230;&#8230;&#8230;&#8230;&#8230;&#8230;&#8230;&#8230;&#8230;&#8230;&#8230;&#8230;&#8230;&#8230;&#8230;&#8230;&#8230;&#8230;&#8230;&#8230;&#8230;&#8230;&#8230;&#8230;&#8230;&#8230;&#8230;&#8230;&#8230;&#8230;&#8230;&#8230;&#8230;&#8230;&#8230;&#8230;&#8230;<\/p>\n<h2><span style=\"color: #ff0000;\">LILANDIA<\/span><\/h2>\n<p>rue J Mouton centre URBEGI<\/p>\n<h3><span style=\"color: #000000;\">64600 ANGLET<\/span><\/h3>\n<p>T\u00e9l : 09 81 95 56 67<\/p>\n<p>&#8230;&#8230;&#8230;&#8230;&#8230;&#8230;&#8230;&#8230;&#8230;&#8230;&#8230;&#8230;&#8230;&#8230;&#8230;&#8230;&#8230;&#8230;&#8230;&#8230;&#8230;&#8230;&#8230;&#8230;&#8230;&#8230;&#8230;&#8230;&#8230;&#8230;&#8230;&#8230;&#8230;&#8230;&#8230;&#8230;&#8230;&#8230;<\/p>\n<h2><span style=\"color: #ff0000;\">PYRENEES MODELES 64<\/span><\/h2>\n<p>9 rue de la r\u00e9sistance<\/p>\n<h3><span style=\"color: #000000;\">64000 PAU <\/span><\/h3>\n<p>T\u00e9l : 05 59 92 11 50<\/p>\n<p><a title=\"www.pyreneesmodele64.fr\" href=\"http:\/\/www.pyreneesmodele64.fr\/\" target=\"_blank\" rel=\"noopener noreferrer\">Site internet<\/a><\/p>\n<p>&#8230;&#8230;&#8230;&#8230;&#8230;&#8230;&#8230;&#8230;&#8230;&#8230;&#8230;&#8230;&#8230;&#8230;&#8230;&#8230;&#8230;&#8230;&#8230;&#8230;&#8230;&#8230;&#8230;&#8230;&#8230;&#8230;&#8230;&#8230;&#8230;&#8230;&#8230;&#8230;&#8230;&#8230;&#8230;&#8230;&#8230;&#8230;<\/p>\n<h2><span style=\"color: #ff0000;\">RC RIDER&rsquo;S 79<\/span><\/h2>\n<p>14 rue Boisseau<\/p>\n<h3><span style=\"color: #000000;\">79200&nbsp;LE TALLUD &#8211; <strong>PARTHENAY<\/strong><\/span><\/h3>\n<p>T\u00e9l : 05 49 64 78 43<\/p>\n<p>&#8230;&#8230;&#8230;&#8230;&#8230;&#8230;&#8230;&#8230;&#8230;&#8230;&#8230;&#8230;&#8230;&#8230;&#8230;&#8230;&#8230;&#8230;&#8230;&#8230;&#8230;&#8230;&#8230;&#8230;&#8230;&#8230;&#8230;&#8230;&#8230;&#8230;&#8230;&#8230;&#8230;&#8230;&#8230;&#8230;&#8230;&#8230;<\/p>","protected":false},"excerpt":{"rendered":"<p>MODELISME MICROMOTEURS SERVICE ZA&nbsp;du Fief Girard Ouest &#8211; rue de Bel Air 17290 LE THOU T\u00e9l : 06 86 52 18 65 Mail : modelisme.service@free.fr Du Lundi au Samedi 9H\/12H- 14H\/19H Sur RDV pr\u00e9alable par t\u00e9l\u00e9phone ou mai &#8230;&#8230;&#8230;&#8230;&#8230;&#8230;&#8230;&#8230;&#8230;&#8230;&#8230;&#8230;&#8230;&#8230;&#8230;&#8230;&#8230;&#8230;&#8230;&#8230;&#8230;&#8230;&#8230;&#8230;&#8230;&#8230;&#8230;&#8230;&#8230;&#8230;&#8230;&#8230;&#8230;&#8230;&#8230;&#8230;&#8230;&#8230; FUNNY BIRDS 33 avenue du capitaine Fernand Taurisson 19360 MALEMORT-SUR-CORREZE T\u00e9l : 05 87 49 41 &hellip; <a href=\"https:\/\/carburant-modelisme.com\/?page_id=125\" class=\"more-link\">Continuer la lecture de <span class=\"screen-reader-text\">Aquitaine<\/span> <span class=\"meta-nav\">&rarr;<\/span><\/a><\/p>\n","protected":false},"author":1,"featured_media":0,"parent":16,"menu_order":0,"comment_status":"closed","ping_status":"closed","template":"","meta":{"footnotes":""},"class_list":["post-125","page","type-page","status-publish","hentry"],"_links":{"self":[{"href":"https:\/\/carburant-modelisme.com\/index.php?rest_route=\/wp\/v2\/pages\/125","targetHints":{"allow":["GET"]}}],"collection":[{"href":"https:\/\/carburant-modelisme.com\/index.php?rest_route=\/wp\/v2\/pages"}],"about":[{"href":"https:\/\/carburant-modelisme.com\/index.php?rest_route=\/wp\/v2\/types\/page"}],"author":[{"embeddable":true,"href":"https:\/\/carburant-modelisme.com\/index.php?rest_route=\/wp\/v2\/users\/1"}],"replies":[{"embeddable":true,"href":"https:\/\/carburant-modelisme.com\/index.php?rest_route=%2Fwp%2Fv2%2Fcomments&post=125"}],"version-history":[{"count":28,"href":"https:\/\/carburant-modelisme.com\/index.php?rest_route=\/wp\/v2\/pages\/125\/revisions"}],"predecessor-version":[{"id":1957,"href":"https:\/\/carburant-modelisme.com\/index.php?rest_route=\/wp\/v2\/pages\/125\/revisions\/1957"}],"up":[{"embeddable":true,"href":"https:\/\/carburant-modelisme.com\/index.php?rest_route=\/wp\/v2\/pages\/16"}],"wp:attachment":[{"href":"https:\/\/carburant-modelisme.com\/index.php?rest_route=%2Fwp%2Fv2%2Fmedia&parent=125"}],"curies":[{"name":"wp","href":"https:\/\/api.w.org\/{rel}","templated":true}]}}