{"id":12,"date":"2014-03-29T14:44:51","date_gmt":"2014-03-29T13:44:51","guid":{"rendered":"http:\/\/carburant-modelisme.com\/?page_id=12"},"modified":"2022-05-15T09:36:12","modified_gmt":"2022-05-15T08:36:12","slug":"produits","status":"publish","type":"page","link":"https:\/\/carburant-modelisme.com\/?page_id=12","title":{"rendered":"Produits"},"content":{"rendered":"<p><strong>CARBURANT VOITURE :<\/strong><\/p>\n<ul>\n<li>ONE<\/li>\n<li>M4<\/li>\n<li>RV Carburant pour rodage<\/li>\n<li>LABEMAX 16<\/li>\n<li>LABEMAX 25<\/li>\n<li>M26 20%<\/li>\n<li>&nbsp;Long Life CS16<\/li>\n<li>&nbsp;Long Life CS 25<\/li>\n<\/ul>\n<p><strong>CARBURANT AVION 2TEMPS :<\/strong><\/p>\n<ul>\n<li>M2<\/li>\n<li>M20<\/li>\n<li>M Plane 15<\/li>\n<li>M24 pour remorqueur<\/li>\n<\/ul>\n<p><strong>CARBURANT AVION 4 TEMPS :<\/strong><\/p>\n<ul>\n<li>M1.2 10%<\/li>\n<li>M11.25 25%<\/li>\n<li>CDI Sp\u00e9cial pour Yamada 4T \u00e0 allumage \u00e9lectronique. 25%<\/li>\n<li>RS Radial pour moteurs Siedel 5%<\/li>\n<\/ul>\n<p><strong>CARBURANT H\u00c9LICOPT\u00c8RE :<\/strong><\/p>\n<ul>\n<li>M17<\/li>\n<li>M18<\/li>\n<li>FURIOUS FUEL 25<\/li>\n<li>FURIOUS FUEL 35<\/li>\n<\/ul>\n<p><strong>PRODUITS DE BASE<\/strong> pour la fabrication de nos carburants et additifs:<\/p>\n<ul>\n<li>AFTER RUN<\/li>\n<li>CLEAN ENGINE<\/li>\n<li>COLORANTS<\/li>\n<li>EMADOX M<\/li>\n<li>Huile de RICIN<\/li>\n<li>Huiles de SYNTHESE<\/li>\n<li>Huiles Silicone<\/li>\n<li>Huiles de filtre \u00e0 air<\/li>\n<li>LE METHANOL<\/li>\n<\/ul>\n<p><strong>Tous nos carburants, sont fabriqu\u00e9s par pes\u00e9e et non en volume, seule solution pour avoir une qualit\u00e9 constante.<\/strong><\/p>\n<p>Chaque lot est contr\u00f4l\u00e9 et archiv\u00e9.<\/p>\n<p>Chaque bidon porte un N\u00b0 de lot.<\/p>\n","protected":false},"excerpt":{"rendered":"<p>CARBURANT VOITURE : ONE M4 RV Carburant pour rodage LABEMAX 16 LABEMAX 25 M26 20% &nbsp;Long Life CS16 &nbsp;Long Life CS 25 CARBURANT AVION 2TEMPS : M2 M20 M Plane 15 M24 pour remorqueur CARBURANT AVION 4 TEMPS : M1.2 10% M11.25 25% CDI Sp\u00e9cial pour Yamada 4T \u00e0 allumage \u00e9lectronique. 25% RS Radial pour &hellip; <a href=\"https:\/\/carburant-modelisme.com\/?page_id=12\" class=\"more-link\">Continuer la lecture de <span class=\"screen-reader-text\">Produits<\/span> <span class=\"meta-nav\">&rarr;<\/span><\/a><\/p>\n","protected":false},"author":1,"featured_media":0,"parent":0,"menu_order":0,"comment_status":"closed","ping_status":"closed","template":"","meta":{"footnotes":""},"class_list":["post-12","page","type-page","status-publish","hentry"],"_links":{"self":[{"href":"https:\/\/carburant-modelisme.com\/index.php?rest_route=\/wp\/v2\/pages\/12","targetHints":{"allow":["GET"]}}],"collection":[{"href":"https:\/\/carburant-modelisme.com\/index.php?rest_route=\/wp\/v2\/pages"}],"about":[{"href":"https:\/\/carburant-modelisme.com\/index.php?rest_route=\/wp\/v2\/types\/page"}],"author":[{"embeddable":true,"href":"https:\/\/carburant-modelisme.com\/index.php?rest_route=\/wp\/v2\/users\/1"}],"replies":[{"embeddable":true,"href":"https:\/\/carburant-modelisme.com\/index.php?rest_route=%2Fwp%2Fv2%2Fcomments&post=12"}],"version-history":[{"count":6,"href":"https:\/\/carburant-modelisme.com\/index.php?rest_route=\/wp\/v2\/pages\/12\/revisions"}],"predecessor-version":[{"id":1657,"href":"https:\/\/carburant-modelisme.com\/index.php?rest_route=\/wp\/v2\/pages\/12\/revisions\/1657"}],"wp:attachment":[{"href":"https:\/\/carburant-modelisme.com\/index.php?rest_route=%2Fwp%2Fv2%2Fmedia&parent=12"}],"curies":[{"name":"wp","href":"https:\/\/api.w.org\/{rel}","templated":true}]}}